{"id":82,"date":"2024-06-20T18:25:54","date_gmt":"2024-06-20T18:25:54","guid":{"rendered":"https:\/\/dealpilot.info\/?product=utopia-bedding-spannbettlaken-200x200cm-gr"},"modified":"2024-06-20T18:25:54","modified_gmt":"2024-06-20T18:25:54","slug":"utopia-bedding-spannbettlaken-200x200cm-gr","status":"publish","type":"product","link":"https:\/\/dealpilot.info\/?product=utopia-bedding-spannbettlaken-200x200cm-gr","title":{"rendered":"Utopia Bedding &#8211; Spannbettlaken 200x200cm &#8211; Gr&#8230;"},"content":{"rendered":"<p><br \/>\nPreis: <span style=\"color:#b12704\">13,99\u20ac<\/span><br \/><i><small>Preis Stand Jun 20, 2024 18:25:54 UTC<br \/>\n<\/p>\n<p>     Produktinformation<\/p>\n<p>       <img decoding=\"async\" alt=\"banner1\" src=\"https:\/\/images-na.ssl-images-amazon.com\/images\/G\/01\/x-locale\/common\/grey-pixel.gif\" class=\"a-spacing-base a-lazy-loaded\" data-src=\"https:\/\/m.media-amazon.com\/images\/S\/aplus-media-library-service-media\/de6d231a-ced3-4fb5-b686-6a437afd8f8d.__CR0,0,970,600_PT0_SX970_V1___.jpg\"><\/p>\n<p>         <img decoding=\"async\" alt=\"banner1\" src=\"https:\/\/m.media-amazon.com\/images\/S\/aplus-media-library-service-media\/de6d231a-ced3-4fb5-b686-6a437afd8f8d.__CR0,0,970,600_PT0_SX970_V1___.jpg\"><\/p>\n<p>       <img decoding=\"async\" alt=\"200x200\" src=\"https:\/\/images-na.ssl-images-amazon.com\/images\/G\/01\/x-locale\/common\/grey-pixel.gif\" class=\"a-spacing-base a-lazy-loaded\" data-src=\"https:\/\/m.media-amazon.com\/images\/S\/aplus-media-library-service-media\/ca00842c-13f4-4955-92b6-8a88b5b1ff15.__CR0,0,970,600_PT0_SX970_V1___.jpg\"><\/p>\n<p>         <img decoding=\"async\" alt=\"200x200\" src=\"https:\/\/m.media-amazon.com\/images\/S\/aplus-media-library-service-media\/ca00842c-13f4-4955-92b6-8a88b5b1ff15.__CR0,0,970,600_PT0_SX970_V1___.jpg\"><\/p>\n<p>         <img decoding=\"async\" alt=\"12\" src=\"https:\/\/images-na.ssl-images-amazon.com\/images\/G\/01\/x-locale\/common\/grey-pixel.gif\" class=\"a-lazy-loaded\" data-src=\"https:\/\/m.media-amazon.com\/images\/S\/aplus-media-library-service-media\/ea1583b4-5b5c-4b8a-a3b0-23591d1abeac.__CR0,0,300,300_PT0_SX300_V1___.jpg\"><\/p>\n<p>           <img decoding=\"async\" alt=\"12\" src=\"https:\/\/m.media-amazon.com\/images\/S\/aplus-media-library-service-media\/ea1583b4-5b5c-4b8a-a3b0-23591d1abeac.__CR0,0,300,300_PT0_SX300_V1___.jpg\"><\/p>\n<p>Unser luxuri\u00f6ses Spannbettlaken ist eine gute Wahl. Es bietet nicht nur eine gro\u00dfe Benutzerfreundlichkeit, sondern passt auch gut zur Einrichtung des Zimmers, indem es Ihr Bett h\u00fcbsch schm\u00fcckt. Das Mikrofasermaterial sorgt f\u00fcr gro\u00dfe Weichheit und Atmungsaktivit\u00e4t, wodurch der Benutzer es \u00fcber einen l\u00e4ngeren Zeitraum besser nutzen kann. Au\u00dferdem passt sich das Laken durch die Rundum-Elastizit\u00e4t leicht an die Matratze an und verleiht dem Bett ein sch\u00f6nes Aussehen, was dazu beitr\u00e4gt, die Attraktivit\u00e4t des Zimmers insgesamt zu erh\u00f6hen. Das Spannbetttuch ist in verschiedenen Gr\u00f6\u00dfen erh\u00e4ltlich, so dass Sie je nach Bedarf die richtige Auswahl treffen k\u00f6nnen.<\/p>\n<p><img decoding=\"async\" alt=\"12\" src=\"https:\/\/images-na.ssl-images-amazon.com\/images\/G\/01\/x-locale\/common\/grey-pixel.gif\" class=\"a-spacing-mini a-lazy-loaded\" data-src=\"https:\/\/m.media-amazon.com\/images\/S\/aplus-media-library-service-media\/14087685-6d18-477a-8610-2f3cdf4b8125.__CR0,0,300,300_PT0_SX300_V1___.jpg\"><\/p>\n<p>                <img decoding=\"async\" alt=\"12\" src=\"https:\/\/m.media-amazon.com\/images\/S\/aplus-media-library-service-media\/14087685-6d18-477a-8610-2f3cdf4b8125.__CR0,0,300,300_PT0_SX300_V1___.jpg\">\n               <\/p>\n<p><img decoding=\"async\" alt=\"12\" src=\"https:\/\/images-na.ssl-images-amazon.com\/images\/G\/01\/x-locale\/common\/grey-pixel.gif\" class=\"a-spacing-mini a-lazy-loaded\" data-src=\"https:\/\/m.media-amazon.com\/images\/S\/aplus-media-library-service-media\/811ebaec-45fc-455d-8da2-395bc7fce826.__CR0,0,300,300_PT0_SX300_V1___.jpg\"><\/p>\n<p>                <img decoding=\"async\" alt=\"12\" src=\"https:\/\/m.media-amazon.com\/images\/S\/aplus-media-library-service-media\/811ebaec-45fc-455d-8da2-395bc7fce826.__CR0,0,300,300_PT0_SX300_V1___.jpg\">\n               <\/p>\n<p><img decoding=\"async\" alt=\"3\" src=\"https:\/\/images-na.ssl-images-amazon.com\/images\/G\/01\/x-locale\/common\/grey-pixel.gif\" class=\"a-spacing-mini a-lazy-loaded\" data-src=\"https:\/\/m.media-amazon.com\/images\/S\/aplus-media-library-service-media\/655e70c3-1ace-493e-a7da-f0758d40830e.__CR0,0,300,300_PT0_SX300_V1___.jpg\"><\/p>\n<p>                <img decoding=\"async\" alt=\"3\" src=\"https:\/\/m.media-amazon.com\/images\/S\/aplus-media-library-service-media\/655e70c3-1ace-493e-a7da-f0758d40830e.__CR0,0,300,300_PT0_SX300_V1___.jpg\">\n               <\/p>\n<p>              Weicher und Atmungsaktiver Stoff<\/p>\n<p>Bringen Sie ein weiches und kuscheliges Gef\u00fchl in Ihr Bett mit unserem geb\u00fcrsteten Mikrofaser-Spannbettlaken, das mit Blick auf Ihren Komfort entworfen wurde. Es wird aus den feinsten geb\u00fcrsteten Mikrofasergarnen hergestellt, um einen neuen Standard in Bezug auf Weichheit und Atmungsaktivit\u00e4t zu schaffen, so dass es wirklich schwierig ist, morgens aus dem Bett aufzustehen. Und nicht nur das, dieses Laken hat eine Pl\u00fcschtextur und k\u00f6nnte schnell und bequem in der Maschine gewaschen werden.<\/p>\n<p>              Schrumpfung und Ausbleichbest\u00e4ndigkeit<\/p>\n<p>Unser Spannbetttuch wird aus starkem und strapazierf\u00e4higem Gewebe hergestellt, das den Gesamtglanz und die Form des Betttuches \u00fcber Jahre hinweg beibeh\u00e4lt. Die schrumpffreie Beschaffenheit des Betttuches erm\u00f6glicht es ihm, seine Form auch nach mehreren Waschg\u00e4ngen beizubehalten. Da das Mikrofasermaterial so verarbeitet wird, dass es nach dem Waschen und Ausbleichen schrumpffest ist, tr\u00e4gt es zur Langlebigkeit des Betttuchs bei, indem es es es in hervorragendem Zustand h\u00e4lt. Verleihen Sie Ihrem Bett ein glattes, fertiges Aussehen und erleben Sie mit diesem Spannbetttuch im Besitz einen seligen Schlaf.<\/p>\n<p>              Pflegehinweise<\/p>\n<p>Gew\u00f6hnliche Waschmaschinen und Trockner k\u00f6nnen zur einfachen Pflege und zum Waschen des Blattes verwendet werden. Hand- oder Maschinenw\u00e4sche mit Feinwaschmittel wird empfohlen. Beim Waschen bei hoher Temperatur dehnen sich die Mikrofasern aus und geben so eingeschlossenen Schmutz und Mikropartikel frei. Wenn Sie von Hand waschen, verwenden Sie gegebenenfalls eine B\u00fcrste mit weichen Borsten &#8211; sp\u00fclen Sie gr\u00fcndlich nach.<\/p>\n<p>Lufttrocknen ist am besten zum Trocknen geeignet, da Mikrofasern relativ schnell trocknen. Wenn Sie jedoch vorhaben, den Trockner zu benutzen, stellen Sie ihn auf niedrige oder keine Hitze ein.<\/p>\n<p>Verwenden Sie keine Weichsp\u00fcler, da diese die offenen Stellen in der Mikrofaser verstopfen und den Stoff unbrauchbar machen. Waschen Sie Mikrofaser auch nicht mit Frottiert\u00fcchern oder Materialien, die viele Fusseln absondern. Waschen Sie sie separat oder mit fusselfreiem Material wie Jeans oder T-Shirt.<\/p>\n<p>SPANNBETTLAKEN IN PREMIUM-QUALIT\u00c4T \u2013 Enth\u00e4lt 1 Spannbettlaken 200 x 200 cm mit 35 cm tiefen Taschen.<br \/>BETTLAKEN AUS GEB\u00dcRSTETER POLYESTER-MIKROFASER &#8211; Dieses luxuri\u00f6se Spannbetttuch 200 x 200 cm besteht aus geb\u00fcrstetem Mikrofasergewebe, das das Spannbetttuch au\u00dfergew\u00f6hnlich weich, geschmeidig und bequem macht und Sie im Winter warm und im Sommer k\u00fchl h\u00e4lt.<br \/>RUNDUMELASTISCHKEIT &#8211; Das Spannbetttuch passt sich dank seiner Rundum-Elastizit\u00e4t leicht an die Matratze an und verleiht dem Bett ein sch\u00f6nes beenden<br \/>SCHRUMPF- UND LICHTBEST\u00c4NDIG &#8211; Das Mikrofasermaterial wird so verarbeitet, dass es schrumpf- und lichtbest\u00e4ndig ist, was zur Langlebigkeit des Stoffs beitr\u00e4gt<br \/>PFLEGEFREUNDLICH &#8211; Kalt in der Maschine waschen, nicht bleichen, bei geringer Hitze im Trockner trocknen und bei geringer Hitze b\u00fcgeln.<br \/>\n<br \/><\/p>\n","protected":false},"excerpt":{"rendered":"<p>Preis: Preis Stand Produktinformation Unser luxuri\u00f6ses Spannbettlaken ist eine gute Wahl. Es bietet nicht nur eine gro\u00dfe Benutzerfreundlichkeit, sondern passt auch gut zur Einrichtung des Zimmers, indem es Ihr Bett h\u00fcbsch schm\u00fcckt. Das Mikrofasermaterial sorgt f\u00fcr gro\u00dfe Weichheit und Atmungsaktivit\u00e4t, wodurch der Benutzer es \u00fcber einen l\u00e4ngeren Zeitraum besser nutzen kann. Au\u00dferdem passt sich das [&hellip;]<\/p>\n","protected":false},"featured_media":83,"comment_status":"open","ping_status":"closed","template":"","meta":{"_gspb_post_css":""},"store":[],"product_brand":[],"product_cat":[],"product_tag":[],"class_list":{"0":"post-82","1":"product","2":"type-product","3":"status-publish","4":"has-post-thumbnail","7":"first","8":"instock","9":"shipping-taxable","10":"product-type-external"},"_links":{"self":[{"href":"https:\/\/dealpilot.info\/index.php?rest_route=\/wp\/v2\/product\/82","targetHints":{"allow":["GET"]}}],"collection":[{"href":"https:\/\/dealpilot.info\/index.php?rest_route=\/wp\/v2\/product"}],"about":[{"href":"https:\/\/dealpilot.info\/index.php?rest_route=\/wp\/v2\/types\/product"}],"replies":[{"embeddable":true,"href":"https:\/\/dealpilot.info\/index.php?rest_route=%2Fwp%2Fv2%2Fcomments&post=82"}],"wp:featuredmedia":[{"embeddable":true,"href":"https:\/\/dealpilot.info\/index.php?rest_route=\/wp\/v2\/media\/83"}],"wp:attachment":[{"href":"https:\/\/dealpilot.info\/index.php?rest_route=%2Fwp%2Fv2%2Fmedia&parent=82"}],"wp:term":[{"taxonomy":"store","embeddable":true,"href":"https:\/\/dealpilot.info\/index.php?rest_route=%2Fwp%2Fv2%2Fstore&post=82"},{"taxonomy":"product_brand","embeddable":true,"href":"https:\/\/dealpilot.info\/index.php?rest_route=%2Fwp%2Fv2%2Fproduct_brand&post=82"},{"taxonomy":"product_cat","embeddable":true,"href":"https:\/\/dealpilot.info\/index.php?rest_route=%2Fwp%2Fv2%2Fproduct_cat&post=82"},{"taxonomy":"product_tag","embeddable":true,"href":"https:\/\/dealpilot.info\/index.php?rest_route=%2Fwp%2Fv2%2Fproduct_tag&post=82"}],"curies":[{"name":"wp","href":"https:\/\/api.w.org\/{rel}","templated":true}]}}