{"id":37005,"date":"2026-04-16T09:06:32","date_gmt":"2026-04-16T09:06:32","guid":{"rendered":"https:\/\/dealpilot.info\/?product=utopia-bedding-spannbettlaken-80x200cm-grau-geburstete-mikrofaser-spannbetttuch-35"},"modified":"2026-04-16T09:06:33","modified_gmt":"2026-04-16T09:06:33","slug":"utopia-bedding-spannbettlaken-80x200cm-grau-geburstete-mikrofaser-spannbetttuch-35","status":"publish","type":"product","link":"https:\/\/dealpilot.info\/?product=utopia-bedding-spannbettlaken-80x200cm-grau-geburstete-mikrofaser-spannbetttuch-35","title":{"rendered":"Utopia Bedding &#8211; Spannbettlaken 80x200cm &#8211; Grau &#8211; Geb\u00fcrstete Mikrofaser Spannbetttuch &#8211; 35"},"content":{"rendered":"<p><br \/>\nPreis: <span style=\"color:#b12704\"><del>11,99\u00a0\u20ac<\/del> - 12,99\u20ac<\/span><br \/><i><small>Preis Stand Apr 16, 2026 09:06:33 UTC<br \/>\n<\/p>\n<p>                                             Produktinformation   <\/p>\n<p>                                                                                                       <img decoding=\"async\" alt=\"Bettgestell aus Holz mit schlafender Person unter brauner Bettw\u00e4sche. Die oben sichtbaren Aufschriften \u201eSPANNBETTTUCH\u201c und \u201eGEB\u00dcRSTETE MIKROFASER\u201c weisen auf ein Spannbetttuch aus geb\u00fcrsteter Mikrofaser hin\" src=\"https:\/\/images-na.ssl-images-amazon.com\/images\/G\/01\/x-locale\/common\/grey-pixel.gif\" class=\"a-lazy-loaded\" data-src=\"https:\/\/m.media-amazon.com\/images\/S\/aplus-media-library-service-media\/eb28e2de-ecf7-4244-aaef-e045adaa0c9c.__CR0,0,1464,600_PT0_SX1464_V1___.jpg\"><img decoding=\"async\" alt=\"Bettgestell aus Holz mit schlafender Person unter brauner Bettw\u00e4sche. Die oben sichtbaren Aufschriften \u201eSPANNBETTTUCH\u201c und \u201eGEB\u00dcRSTETE MIKROFASER\u201c weisen auf ein Spannbetttuch aus geb\u00fcrsteter Mikrofaser hin\" src=\"https:\/\/m.media-amazon.com\/images\/S\/aplus-media-library-service-media\/eb28e2de-ecf7-4244-aaef-e045adaa0c9c.__CR0,0,1464,600_PT0_SX1464_V1___.jpg\">                                               <\/p>\n<p>                                                                                                       <img decoding=\"async\" alt=\"Graue Bettw\u00e4sche mit lesender Person. Vier Symbole unten zeigen die Produktmerkmale: feuchtigkeitsableitend, thermoregulierend, bequem, licht- und luftdurchl\u00e4ssig und ultraglatte\" src=\"https:\/\/images-na.ssl-images-amazon.com\/images\/G\/01\/x-locale\/common\/grey-pixel.gif\" class=\"a-lazy-loaded\" data-src=\"https:\/\/m.media-amazon.com\/images\/S\/aplus-media-library-service-media\/56f6e6b0-c436-4470-849f-1fcde5f22dde.__CR0,0,1464,600_PT0_SX1464_V1___.jpg\"><img decoding=\"async\" alt=\"Graue Bettw\u00e4sche mit lesender Person. Vier Symbole unten zeigen die Produktmerkmale: feuchtigkeitsableitend, thermoregulierend, bequem, licht- und luftdurchl\u00e4ssig und ultraglatte\" src=\"https:\/\/m.media-amazon.com\/images\/S\/aplus-media-library-service-media\/56f6e6b0-c436-4470-849f-1fcde5f22dde.__CR0,0,1464,600_PT0_SX1464_V1___.jpg\">                                               <\/p>\n<p>                                                                                                       <img decoding=\"async\" alt=\"Graues Spannbetttuch mit elastischen Kanten. Der Text zeigt \u201eVerf\u00fcgbare Gr\u00f6\u00dfen\u201c (Verf\u00fcgbare Gr\u00f6\u00dfen) mit Symbolen, die verschiedene Matratzenma\u00dfe darstellen.\" src=\"https:\/\/images-na.ssl-images-amazon.com\/images\/G\/01\/x-locale\/common\/grey-pixel.gif\" class=\"a-lazy-loaded\" data-src=\"https:\/\/m.media-amazon.com\/images\/S\/aplus-media-library-service-media\/5dc895a0-b728-4f09-9d46-d6a9deb1dc10.__CR0,0,1464,600_PT0_SX1464_V1___.jpg\"><img decoding=\"async\" alt=\"Graues Spannbetttuch mit elastischen Kanten. Der Text zeigt \u201eVerf\u00fcgbare Gr\u00f6\u00dfen\u201c (Verf\u00fcgbare Gr\u00f6\u00dfen) mit Symbolen, die verschiedene Matratzenma\u00dfe darstellen.\" src=\"https:\/\/m.media-amazon.com\/images\/S\/aplus-media-library-service-media\/5dc895a0-b728-4f09-9d46-d6a9deb1dc10.__CR0,0,1464,600_PT0_SX1464_V1___.jpg\">                                               <\/p>\n<p>                                                                                                       <img decoding=\"async\" alt=\"Dunkelgraues Stoffmuster neben einem Diagramm, das verschiedene Matratzengr\u00f6\u00dfenoptionen zeigt, darunter Zweibett-, Doppel-, Queen- und Kingsize-Gr\u00f6\u00dfen mit den angegebenen Abmessungen\" src=\"https:\/\/images-na.ssl-images-amazon.com\/images\/G\/01\/x-locale\/common\/grey-pixel.gif\" class=\"a-lazy-loaded\" data-src=\"https:\/\/m.media-amazon.com\/images\/S\/aplus-media-library-service-media\/f3f222b0-2403-46d2-a08b-2b86bc159a48.__CR0,0,1464,600_PT0_SX1464_V1___.jpg\"><img decoding=\"async\" alt=\"Dunkelgraues Stoffmuster neben einem Diagramm, das verschiedene Matratzengr\u00f6\u00dfenoptionen zeigt, darunter Zweibett-, Doppel-, Queen- und Kingsize-Gr\u00f6\u00dfen mit den angegebenen Abmessungen\" src=\"https:\/\/m.media-amazon.com\/images\/S\/aplus-media-library-service-media\/f3f222b0-2403-46d2-a08b-2b86bc159a48.__CR0,0,1464,600_PT0_SX1464_V1___.jpg\">                                               <\/p>\n<p>                                                                                  <img decoding=\"async\" alt=\"Nahaufnahme einer dunkelgrauen Matratze oder eines Bettgestells auf einem Holzrahmen. F\u00fcr die H\u00f6he der Matratze oder des Untergestells ist ein Ma\u00df von 35 cm angegeben\" src=\"https:\/\/m.media-amazon.com\/images\/S\/aplus-media-library-service-media\/a70c57c5-32d6-41b8-b002-5c48a7db2a7c.__CR0,0,1464,600_PT0_SX1464_V1___.jpg\">       <\/p>\n<p>                                                                                  <img decoding=\"async\" alt=\"Bettgestell aus Holz mit schlichtem Kopfteil, gepaart mit dunkelgrauem Spannbetttuch. Wei\u00dfer Nachttisch und Lampe sichtbar. Text auf Deutsch erw\u00e4hnt Komfort\" src=\"https:\/\/m.media-amazon.com\/images\/S\/aplus-media-library-service-media\/f8f1f63c-4f02-4db9-afa4-8f8474ea91bc.__CR0,0,1464,600_PT0_SX1464_V1___.jpg\">       <\/p>\n<p>                                                                                  <img decoding=\"async\" alt=\"spannbettlaken 160x200cm, bettlaken 90x200cm, bettlaken 140x200, spannbettlaken 180x200cm\" src=\"https:\/\/m.media-amazon.com\/images\/S\/aplus-media-library-service-media\/f4a776bb-0b41-459b-b6c9-14a087968574.__CR0,0,1464,600_PT0_SX1464_V1___.jpg\">       <\/p>\n<p>                                                                                                       <img decoding=\"async\" alt=\"Gestapelte bunte Schaumstoffmatratzen oder Kissen in Pastellt\u00f6nen. Eine Farbpalette zeigt 16 Stoffmuster. Text auf Deutsch schl\u00e4gt vor, den perfekten Farbton\" src=\"https:\/\/images-na.ssl-images-amazon.com\/images\/G\/01\/x-locale\/common\/grey-pixel.gif\" class=\"a-lazy-loaded\" data-src=\"https:\/\/m.media-amazon.com\/images\/S\/aplus-media-library-service-media\/00601188-8f91-4c84-a7ac-d5f359c6ed7d.__CR0,0,1464,600_PT0_SX1464_V1___.jpg\"><img decoding=\"async\" alt=\"Gestapelte bunte Schaumstoffmatratzen oder Kissen in Pastellt\u00f6nen. Eine Farbpalette zeigt 16 Stoffmuster. Text auf Deutsch schl\u00e4gt vor, den perfekten Farbton\" src=\"https:\/\/m.media-amazon.com\/images\/S\/aplus-media-library-service-media\/00601188-8f91-4c84-a7ac-d5f359c6ed7d.__CR0,0,1464,600_PT0_SX1464_V1___.jpg\">                                               <\/p>\n<p>                                                                                                       <img decoding=\"async\" alt=\"Pflegehinweise auf Deutsch mit vier Symbolen: kalt in der Maschine waschen, auf niedriger Stufe im Trockner trocknen, bei niedriger Temperatur b\u00fcgeln und nicht bleichen\" src=\"https:\/\/images-na.ssl-images-amazon.com\/images\/G\/01\/x-locale\/common\/grey-pixel.gif\" class=\"a-lazy-loaded\" data-src=\"https:\/\/m.media-amazon.com\/images\/S\/aplus-media-library-service-media\/22b693ff-dc74-4ec6-b0c6-03757e021926.__CR0,0,1464,600_PT0_SX1464_V1___.jpg\"><img decoding=\"async\" alt=\"Pflegehinweise auf Deutsch mit vier Symbolen: kalt in der Maschine waschen, auf niedriger Stufe im Trockner trocknen, bei niedriger Temperatur b\u00fcgeln und nicht bleichen\" src=\"https:\/\/m.media-amazon.com\/images\/S\/aplus-media-library-service-media\/22b693ff-dc74-4ec6-b0c6-03757e021926.__CR0,0,1464,600_PT0_SX1464_V1___.jpg\">                                               <\/p>\n<p>Spannbettlaken \u2013 Enth\u00e4lt 1 Spannbettlaken 80 x 200 cm mit 35 cm tiefen Taschen.<br \/>Bettlaken Aus Geb\u00fcrsteter Polyester-Mikrofaser &#8211; Dieses luxuri\u00f6se Spannbetttuch 80 x 200 cm besteht aus geb\u00fcrstetem Mikrofasergewebe, das das Spannbetttuch<br \/>Rundumelastischkeit &#8211; Das Spannbetttuch passt sich dank seiner Rundum-Elastizit\u00e4t leicht an die Matratze an und verleiht dem Bett ein sch\u00f6nes beenden<br \/>Schrumpf- Und Lichtbest\u00e4ndig &#8211; Das Mikrofasermaterial wird so verarbeitet, dass es schrumpf- und lichtbest\u00e4ndig ist, was zur Langlebigkeit des Stoffs beitr\u00e4gt<br \/>Pflegefreundlich &#8211; Kalt in der Maschine waschen, nicht bleichen, bei geringer Hitze im Trockner trocknen und bei geringer Hitze b\u00fcgeln.<br \/>OEKO-TEX-zertifiziert und hautfreundlich \u2013 Sanft, sicher und angenehm f\u00fcr jeden Hauttyp, erf\u00fcllt h\u00f6chste Sicherheitsstandards.<br \/>\n<br \/><\/p>\n","protected":false},"excerpt":{"rendered":"<p>Preis: Preis Stand Produktinformation Spannbettlaken \u2013 Enth\u00e4lt 1 Spannbettlaken 80 x 200 cm mit 35 cm tiefen Taschen.Bettlaken Aus Geb\u00fcrsteter Polyester-Mikrofaser &#8211; Dieses luxuri\u00f6se Spannbetttuch 80 x 200 cm besteht aus geb\u00fcrstetem Mikrofasergewebe, das das SpannbetttuchRundumelastischkeit &#8211; Das Spannbetttuch passt sich dank seiner Rundum-Elastizit\u00e4t leicht an die Matratze an und verleiht dem Bett ein sch\u00f6nes [&hellip;]<\/p>\n","protected":false},"featured_media":37006,"comment_status":"open","ping_status":"closed","template":"","meta":{"_gspb_post_css":""},"store":[],"product_brand":[],"product_cat":[],"product_tag":[],"class_list":{"0":"post-37005","1":"product","2":"type-product","3":"status-publish","4":"has-post-thumbnail","7":"first","8":"instock","9":"shipping-taxable","10":"product-type-external"},"_links":{"self":[{"href":"https:\/\/dealpilot.info\/index.php?rest_route=\/wp\/v2\/product\/37005","targetHints":{"allow":["GET"]}}],"collection":[{"href":"https:\/\/dealpilot.info\/index.php?rest_route=\/wp\/v2\/product"}],"about":[{"href":"https:\/\/dealpilot.info\/index.php?rest_route=\/wp\/v2\/types\/product"}],"replies":[{"embeddable":true,"href":"https:\/\/dealpilot.info\/index.php?rest_route=%2Fwp%2Fv2%2Fcomments&post=37005"}],"wp:featuredmedia":[{"embeddable":true,"href":"https:\/\/dealpilot.info\/index.php?rest_route=\/wp\/v2\/media\/37006"}],"wp:attachment":[{"href":"https:\/\/dealpilot.info\/index.php?rest_route=%2Fwp%2Fv2%2Fmedia&parent=37005"}],"wp:term":[{"taxonomy":"store","embeddable":true,"href":"https:\/\/dealpilot.info\/index.php?rest_route=%2Fwp%2Fv2%2Fstore&post=37005"},{"taxonomy":"product_brand","embeddable":true,"href":"https:\/\/dealpilot.info\/index.php?rest_route=%2Fwp%2Fv2%2Fproduct_brand&post=37005"},{"taxonomy":"product_cat","embeddable":true,"href":"https:\/\/dealpilot.info\/index.php?rest_route=%2Fwp%2Fv2%2Fproduct_cat&post=37005"},{"taxonomy":"product_tag","embeddable":true,"href":"https:\/\/dealpilot.info\/index.php?rest_route=%2Fwp%2Fv2%2Fproduct_tag&post=37005"}],"curies":[{"name":"wp","href":"https:\/\/api.w.org\/{rel}","templated":true}]}}