{"id":37003,"date":"2026-04-16T08:55:25","date_gmt":"2026-04-16T08:55:25","guid":{"rendered":"https:\/\/dealpilot.info\/?product=utopia-bedding-spannbettlaken-140x200cm-denim-blau-geburstete-polyester-mikrofaser"},"modified":"2026-04-16T08:55:27","modified_gmt":"2026-04-16T08:55:27","slug":"utopia-bedding-spannbettlaken-140x200cm-denim-blau-geburstete-polyester-mikrofaser","status":"publish","type":"product","link":"https:\/\/dealpilot.info\/?product=utopia-bedding-spannbettlaken-140x200cm-denim-blau-geburstete-polyester-mikrofaser","title":{"rendered":"Utopia Bedding &#8211; Spannbettlaken 140x200cm &#8211; Denim Blau &#8211; Geb\u00fcrstete Polyester-Mikrofaser"},"content":{"rendered":"<p><br \/>\nPreis: <span style=\"color:#b12704\"><del>14,99\u20ac<\/del> - 11,72\u20ac<\/span><br \/><i><small>Preis Stand Apr 16, 2026 08:55:27 UTC<br \/>\n<\/p>\n<p>                                             Produktinformation   <\/p>\n<p>                                                                                                       <img decoding=\"async\" alt=\"Bettgestell aus Holz mit heller Bettw\u00e4sche und Kissen. Der obige Text auf Deutsch lautet \u201eSPANNBETTTUCH GEB\u00dcRSTETE MIKROFASER\u201c, was auf ein Spannbetttuch aus geb\u00fcrsteter Mikrofaser hinweist\" src=\"https:\/\/images-na.ssl-images-amazon.com\/images\/G\/01\/x-locale\/common\/grey-pixel.gif\" class=\"a-lazy-loaded\" data-src=\"https:\/\/m.media-amazon.com\/images\/S\/aplus-media-library-service-media\/8a3fc40f-5315-4e7a-9b36-850d3dfe8b94.__CR0,0,1464,600_PT0_SX1464_V1___.jpg\"><img decoding=\"async\" alt=\"Bettgestell aus Holz mit heller Bettw\u00e4sche und Kissen. Der obige Text auf Deutsch lautet \u201eSPANNBETTTUCH GEB\u00dcRSTETE MIKROFASER\u201c, was auf ein Spannbetttuch aus geb\u00fcrsteter Mikrofaser hinweist\" src=\"https:\/\/m.media-amazon.com\/images\/S\/aplus-media-library-service-media\/8a3fc40f-5315-4e7a-9b36-850d3dfe8b94.__CR0,0,1464,600_PT0_SX1464_V1___.jpg\">                                               <\/p>\n<p>                                                                                                       <img decoding=\"async\" alt=\"Blaugr\u00fcne Bettlaken mit einer Person, die auf dem Bett schreibt. Die folgenden vier Symbole zeigen die Produktmerkmale: faltenfreie, bequeme, lichtblockierende, ultrafeine Oberfl\u00e4che\" src=\"https:\/\/images-na.ssl-images-amazon.com\/images\/G\/01\/x-locale\/common\/grey-pixel.gif\" class=\"a-lazy-loaded\" data-src=\"https:\/\/m.media-amazon.com\/images\/S\/aplus-media-library-service-media\/7dc638e4-f29d-4fa9-98a6-e65cba72868f.__CR0,0,1464,600_PT0_SX1464_V1___.jpg\"><img decoding=\"async\" alt=\"Blaugr\u00fcne Bettlaken mit einer Person, die auf dem Bett schreibt. Die folgenden vier Symbole zeigen die Produktmerkmale: faltenfreie, bequeme, lichtblockierende, ultrafeine Oberfl\u00e4che\" src=\"https:\/\/m.media-amazon.com\/images\/S\/aplus-media-library-service-media\/7dc638e4-f29d-4fa9-98a6-e65cba72868f.__CR0,0,1464,600_PT0_SX1464_V1___.jpg\">                                               <\/p>\n<p>                                                                                                       <img decoding=\"async\" alt=\"Ecke f\u00fcr Spannbetttuch in Blaugr\u00fcn mit elastischem Rand. \u00d6ko-Tex-Logo sichtbar Das Diagramm zeigt die verf\u00fcgbaren Matratzengr\u00f6\u00dfen von 90x200 bis 180x200 cm\" src=\"https:\/\/images-na.ssl-images-amazon.com\/images\/G\/01\/x-locale\/common\/grey-pixel.gif\" class=\"a-lazy-loaded\" data-src=\"https:\/\/m.media-amazon.com\/images\/S\/aplus-media-library-service-media\/cd8e5ee5-a410-47ea-ad4e-a3adfc05187b.__CR0,0,1464,600_PT0_SX1464_V1___.jpg\"><img decoding=\"async\" alt=\"Ecke f\u00fcr Spannbetttuch in Blaugr\u00fcn mit elastischem Rand. \u00d6ko-Tex-Logo sichtbar Das Diagramm zeigt die verf\u00fcgbaren Matratzengr\u00f6\u00dfen von 90x200 bis 180x200 cm\" src=\"https:\/\/m.media-amazon.com\/images\/S\/aplus-media-library-service-media\/cd8e5ee5-a410-47ea-ad4e-a3adfc05187b.__CR0,0,1464,600_PT0_SX1464_V1___.jpg\">                                               <\/p>\n<p>                                                                                                       <img decoding=\"async\" alt=\"Blaues Stoffmuster neben Diagrammen verschiedener Matratzengr\u00f6\u00dfen, darunter Twin-, Full-, Queen- und Kingsize-Matratzen, wobei die Abmessungen f\u00fcr jede Matratze aufgef\u00fchrt sind\" src=\"https:\/\/images-na.ssl-images-amazon.com\/images\/G\/01\/x-locale\/common\/grey-pixel.gif\" class=\"a-lazy-loaded\" data-src=\"https:\/\/m.media-amazon.com\/images\/S\/aplus-media-library-service-media\/c12e2da0-223b-44e4-9ab9-d39ca19fb50d.__CR0,0,1464,600_PT0_SX1464_V1___.jpg\"><img decoding=\"async\" alt=\"Blaues Stoffmuster neben Diagrammen verschiedener Matratzengr\u00f6\u00dfen, darunter Twin-, Full-, Queen- und Kingsize-Matratzen, wobei die Abmessungen f\u00fcr jede Matratze aufgef\u00fchrt sind\" src=\"https:\/\/m.media-amazon.com\/images\/S\/aplus-media-library-service-media\/c12e2da0-223b-44e4-9ab9-d39ca19fb50d.__CR0,0,1464,600_PT0_SX1464_V1___.jpg\">                                               <\/p>\n<p>                                                                                  <img decoding=\"async\" alt=\"Nahaufnahme eines blauen Spannbetttuchs auf einem h\u00f6lzernen Bettrahmen. Die Tiefe des Bettlakens ist mit 35 cm gekennzeichnet. Ein Nachttisch ist neben dem Bett sichtbar\" src=\"https:\/\/m.media-amazon.com\/images\/S\/aplus-media-library-service-media\/9e8c7f69-8abd-4c38-ae15-926ee595acdd.__CR0,0,1464,600_PT0_SX1464_V1___.jpg\">       <\/p>\n<p>                                                                                  <img decoding=\"async\" alt=\"Bettgestell aus Holz mit blauem Spannbetttuch Nachttisch mit Lampe auf der linken Seite. Text auf Deutsch erw\u00e4hnt Komfort. Helle W\u00e4nde und Vorh\u00e4nge im Hintergrund\" src=\"https:\/\/m.media-amazon.com\/images\/S\/aplus-media-library-service-media\/40301635-777d-4610-85d6-1bb92b01f255.__CR0,0,1464,600_PT0_SX1464_V1___.jpg\">       <\/p>\n<p>                                                                                  <img decoding=\"async\" alt=\"spannbettlaken 160x200cm, bettlaken 90x200cm, bettlaken 140x200, spannbettlaken 180x200cm\" src=\"https:\/\/m.media-amazon.com\/images\/S\/aplus-media-library-service-media\/659244ff-03b2-4c94-8190-899b0a072e2f.__CR0,0,1464,600_PT0_SX1464_V1___.jpg\">       <\/p>\n<p>                                                                                                       <img decoding=\"async\" alt=\"Gestapelte bunte Schaumstoffmatratzen oder Kissen in Pastellt\u00f6nen. Eine Farbpalette zeigt 16 Stoffmuster. Text auf Deutsch schl\u00e4gt vor, den perfekten Farbton\" src=\"https:\/\/images-na.ssl-images-amazon.com\/images\/G\/01\/x-locale\/common\/grey-pixel.gif\" class=\"a-lazy-loaded\" data-src=\"https:\/\/m.media-amazon.com\/images\/S\/aplus-media-library-service-media\/00601188-8f91-4c84-a7ac-d5f359c6ed7d.__CR0,0,1464,600_PT0_SX1464_V1___.jpg\"><img decoding=\"async\" alt=\"Gestapelte bunte Schaumstoffmatratzen oder Kissen in Pastellt\u00f6nen. Eine Farbpalette zeigt 16 Stoffmuster. Text auf Deutsch schl\u00e4gt vor, den perfekten Farbton\" src=\"https:\/\/m.media-amazon.com\/images\/S\/aplus-media-library-service-media\/00601188-8f91-4c84-a7ac-d5f359c6ed7d.__CR0,0,1464,600_PT0_SX1464_V1___.jpg\">                                               <\/p>\n<p>                                                                                                       <img decoding=\"async\" alt=\"Pflegehinweise auf Deutsch mit vier Symbolen: kalt in der Maschine waschen, auf niedriger Stufe im Trockner trocknen, bei niedriger Temperatur b\u00fcgeln und nicht bleichen\" src=\"https:\/\/images-na.ssl-images-amazon.com\/images\/G\/01\/x-locale\/common\/grey-pixel.gif\" class=\"a-lazy-loaded\" data-src=\"https:\/\/m.media-amazon.com\/images\/S\/aplus-media-library-service-media\/22b693ff-dc74-4ec6-b0c6-03757e021926.__CR0,0,1464,600_PT0_SX1464_V1___.jpg\"><img decoding=\"async\" alt=\"Pflegehinweise auf Deutsch mit vier Symbolen: kalt in der Maschine waschen, auf niedriger Stufe im Trockner trocknen, bei niedriger Temperatur b\u00fcgeln und nicht bleichen\" src=\"https:\/\/m.media-amazon.com\/images\/S\/aplus-media-library-service-media\/22b693ff-dc74-4ec6-b0c6-03757e021926.__CR0,0,1464,600_PT0_SX1464_V1___.jpg\">                                               <\/p>\n<p>Spannbettlaken \u2013 Enth\u00e4lt 1 Utopia Bedding Spannbettlaken 140 x 200 cm mit 35 cm tiefen Taschen.<br \/>Bettlaken Aus Geb\u00fcrsteter Polyester-Mikrofaser &#8211; Dieses luxuri\u00f6se Spannbetttuch 140&#215;200 cm besteht aus geb\u00fcrstetem Mikrofasergewebe, das das Spannbetttuch au\u00dfergew\u00f6hnlich weich, geschmeidig und bequem macht und Sie im Winter warm und im Sommer k\u00fchl h\u00e4lt.<br \/>Rundumelastischkeit &#8211; Das Spannbetttuch passt sich dank seiner Rundum-Elastizit\u00e4t leicht an die Matratze an und verleiht dem Bett ein sch\u00f6nes beenden<br \/>Schrumpf- Und Lichtbest\u00e4ndig &#8211; Das Mikrofasermaterial wird so verarbeitet, dass es schrumpf- und lichtbest\u00e4ndig ist, was zur Langlebigkeit des Stoffs beitr\u00e4gt<br \/>Pflegefreundlich &#8211; Kalt in der Maschine waschen, nicht bleichen, bei geringer Hitze im Trockner trocknen und bei geringer Hitze b\u00fcgeln.<br \/>OEKO-TEX-zertifiziert und hautfreundlich \u2013 Sanft, sicher und angenehm f\u00fcr jeden Hauttyp, erf\u00fcllt h\u00f6chste Sicherheitsstandards.<br \/>\n<br \/><\/p>\n","protected":false},"excerpt":{"rendered":"<p>Preis: Preis Stand Produktinformation Spannbettlaken \u2013 Enth\u00e4lt 1 Utopia Bedding Spannbettlaken 140 x 200 cm mit 35 cm tiefen Taschen.Bettlaken Aus Geb\u00fcrsteter Polyester-Mikrofaser &#8211; Dieses luxuri\u00f6se Spannbetttuch 140&#215;200 cm besteht aus geb\u00fcrstetem Mikrofasergewebe, das das Spannbetttuch au\u00dfergew\u00f6hnlich weich, geschmeidig und bequem macht und Sie im Winter warm und im Sommer k\u00fchl h\u00e4lt.Rundumelastischkeit &#8211; Das Spannbetttuch [&hellip;]<\/p>\n","protected":false},"featured_media":37004,"comment_status":"open","ping_status":"closed","template":"","meta":{"_gspb_post_css":""},"store":[],"product_brand":[],"product_cat":[],"product_tag":[],"class_list":{"0":"post-37003","1":"product","2":"type-product","3":"status-publish","4":"has-post-thumbnail","7":"first","8":"instock","9":"sale","10":"shipping-taxable","11":"product-type-external"},"_links":{"self":[{"href":"https:\/\/dealpilot.info\/index.php?rest_route=\/wp\/v2\/product\/37003","targetHints":{"allow":["GET"]}}],"collection":[{"href":"https:\/\/dealpilot.info\/index.php?rest_route=\/wp\/v2\/product"}],"about":[{"href":"https:\/\/dealpilot.info\/index.php?rest_route=\/wp\/v2\/types\/product"}],"replies":[{"embeddable":true,"href":"https:\/\/dealpilot.info\/index.php?rest_route=%2Fwp%2Fv2%2Fcomments&post=37003"}],"wp:featuredmedia":[{"embeddable":true,"href":"https:\/\/dealpilot.info\/index.php?rest_route=\/wp\/v2\/media\/37004"}],"wp:attachment":[{"href":"https:\/\/dealpilot.info\/index.php?rest_route=%2Fwp%2Fv2%2Fmedia&parent=37003"}],"wp:term":[{"taxonomy":"store","embeddable":true,"href":"https:\/\/dealpilot.info\/index.php?rest_route=%2Fwp%2Fv2%2Fstore&post=37003"},{"taxonomy":"product_brand","embeddable":true,"href":"https:\/\/dealpilot.info\/index.php?rest_route=%2Fwp%2Fv2%2Fproduct_brand&post=37003"},{"taxonomy":"product_cat","embeddable":true,"href":"https:\/\/dealpilot.info\/index.php?rest_route=%2Fwp%2Fv2%2Fproduct_cat&post=37003"},{"taxonomy":"product_tag","embeddable":true,"href":"https:\/\/dealpilot.info\/index.php?rest_route=%2Fwp%2Fv2%2Fproduct_tag&post=37003"}],"curies":[{"name":"wp","href":"https:\/\/api.w.org\/{rel}","templated":true}]}}