{"id":36921,"date":"2026-04-16T00:30:23","date_gmt":"2026-04-16T00:30:23","guid":{"rendered":"https:\/\/dealpilot.info\/?product=arbeitsschuhe-herren-damen-sicherheitsschuhe-stahlkappenschuhe-sportlich-atmungsaktiv-9"},"modified":"2026-04-16T00:30:25","modified_gmt":"2026-04-16T00:30:25","slug":"arbeitsschuhe-herren-damen-sicherheitsschuhe-stahlkappenschuhe-sportlich-atmungsaktiv-9","status":"publish","type":"product","link":"https:\/\/dealpilot.info\/?product=arbeitsschuhe-herren-damen-sicherheitsschuhe-stahlkappenschuhe-sportlich-atmungsaktiv-9","title":{"rendered":"Arbeitsschuhe Herren Damen Sicherheitsschuhe Stahlkappenschuhe Sportlich Atmungsaktiv"},"content":{"rendered":"<p><br \/>\nPreis: <span style=\"color:#b12704\"><del>40,99\u20ac<\/del> - 34,84\u20ac<\/span><br \/><i><small>Preis Stand Apr 16, 2026 00:30:25 UTC<br \/>\n<br \/>\n    <span class=\"a-text-bold\">Gugifcto Arbeitsschuhe Herren Damen Sicherheitsschuhe Stahlkappenschuhe Sportlich Atmungsaktiv Rutschfeste Safety Shoes 36-46 EU<\/span><\/p>\n<p><span class=\"a-text-bold\">Produktinformationen:<\/span><\/p>\n<p><span>1. Sicherheitsschuhe bestehen aus rutschfestem, sondern auch f\u00fcr Sto\u00dfd\u00e4mpfung, um Ihre F\u00fc\u00dfe zu sch\u00fctzen und Ihren Kn\u00f6chel komfortabler zu halten.<\/span><\/p>\n<p><span>2. Arbeitsschuhe mit stahlkappen k\u00f6nnen dazu beitragen, die F\u00fc\u00dfe vor herabfallenden oder rollenden Gegenst\u00e4nden zu sch\u00fctzen.<\/span><\/p>\n<p><span class=\"a-text-bold\">Hinweis:<\/span><\/p>\n<p><span>1. Aufgrund der unterschiedlichen Darstellungen der Computer kann die Farbe des realen Einzelteil etwas von dem angezeigten Bild abweiche.<\/span><\/p>\n<p><span>2. \u00dcberpr\u00fcfen Sie bitte das Gr\u00f6\u00dfendiagramm sorgf\u00e4ltig, bevor Sie es kaufen. Bitte erlauben Sie 1 cm \/ 3cm Unterschied aufgrund der Handmessung.<\/span><\/p>\n<p><span class=\"a-text-bold\">Gr\u00f6\u00dfentabelle<\/span><\/p>\n<p><span>EU36 = Schuhl\u00e4nge 243 mm\uff1b EU37 = Schuhl\u00e4nge 248 mm<\/span><\/p>\n<p><span>EU38 = Schuhl\u00e4nge 253 mm\uff1b EU39 = Schuhl\u00e4nge 258 mm<\/span><\/p>\n<p><span>EU40 = Schuhl\u00e4nge 263 mm\uff1b EU41 = Schuhl\u00e4nge 268 mm<\/span><\/p>\n<p><span>EU42 = Schuhl\u00e4nge 273 mm\uff1b EU43 = Schuhl\u00e4nge 278 mm<\/span><\/p>\n<p><span>EU44 = Schuhl\u00e4nge 283 mm\uff1b EU45 = Schuhl\u00e4nge 288 mm<\/span><\/p>\n<p><span>EU46 = Schuhl\u00e4nge 293 mm\uff1b EU47 = Schuhl\u00e4nge 298 mm<\/span><\/p>\n<p><span>EU48 = Schuhl\u00e4nge 303 mm\uff1b<\/span><br \/> Im Angebot von Amazon.de seit                                            \u200f                                            :                                            \u200e                                            7. Mai 2024   <br \/> Hersteller                                            \u200f                                            :                                            \u200e                                            Gugifcto   <br \/> ASIN                                            \u200f                                            :                                            \u200e                                            B0D3HDTRNW   <br \/> Kategorie                                            \u200f                                            :                                            \u200e                                            Unisex   <br \/>       Amazon Bestseller-Rang:  Nr. 404 in Fashion (Siehe Top 100 in Fashion)    Nr. 1 in Herren Industrie &#038; Handwerk Schuhe      <br \/>  Kundenrezensionen:                                                                                            3,9               3,9 von 5 Sternen                                  (2.074)                                              var dpAcrHasRegisteredArcLinkClickAction;                    P.when(&#8216;A&#8217;, &#8216;ready&#8217;).execute(function(A) {                        if (dpAcrHasRegisteredArcLinkClickAction !== true) {                            dpAcrHasRegisteredArcLinkClickAction = true;                            A.declarative(                                &#8216;acrLink-click-metrics&#8217;, &#8216;click&#8217;,                                { &#8220;allowLinkDefault&#8221;: true },                                function (event) {                                    if (window.ue) {                                        ue.count(&#8220;acrLinkClickCount&#8221;, (ue.count(&#8220;acrLinkClickCount&#8221;) || 0) + 1);                                    }                                }                            );                        }                    });                                             P.when(&#8216;A&#8217;, &#8216;cf&#8217;).execute(function(A) {                A.declarative(&#8216;acrStarsLink-click-metrics&#8217;, &#8216;click&#8217;, { &#8220;allowLinkDefault&#8221; : true },  function(event){                    if(window.ue) {                        ue.count(&#8220;acrStarsLinkWithPopoverClickCount&#8221;, (ue.count(&#8220;acrStarsLinkWithPopoverClickCount&#8221;) || 0) + 1);                    }                });            });                          <\/p>\n\n","protected":false},"excerpt":{"rendered":"<p>Preis: Preis Stand Gugifcto Arbeitsschuhe Herren Damen Sicherheitsschuhe Stahlkappenschuhe Sportlich Atmungsaktiv Rutschfeste Safety Shoes 36-46 EU Produktinformationen: 1. Sicherheitsschuhe bestehen aus rutschfestem, sondern auch f\u00fcr Sto\u00dfd\u00e4mpfung, um Ihre F\u00fc\u00dfe zu sch\u00fctzen und Ihren Kn\u00f6chel komfortabler zu halten. 2. Arbeitsschuhe mit stahlkappen k\u00f6nnen dazu beitragen, die F\u00fc\u00dfe vor herabfallenden oder rollenden Gegenst\u00e4nden zu sch\u00fctzen. Hinweis: 1. [&hellip;]<\/p>\n","protected":false},"featured_media":36922,"comment_status":"open","ping_status":"closed","template":"","meta":{"_gspb_post_css":""},"store":[],"product_brand":[],"product_cat":[],"product_tag":[],"class_list":{"0":"post-36921","1":"product","2":"type-product","3":"status-publish","4":"has-post-thumbnail","7":"first","8":"instock","9":"sale","10":"shipping-taxable","11":"product-type-external"},"_links":{"self":[{"href":"https:\/\/dealpilot.info\/index.php?rest_route=\/wp\/v2\/product\/36921","targetHints":{"allow":["GET"]}}],"collection":[{"href":"https:\/\/dealpilot.info\/index.php?rest_route=\/wp\/v2\/product"}],"about":[{"href":"https:\/\/dealpilot.info\/index.php?rest_route=\/wp\/v2\/types\/product"}],"replies":[{"embeddable":true,"href":"https:\/\/dealpilot.info\/index.php?rest_route=%2Fwp%2Fv2%2Fcomments&post=36921"}],"wp:featuredmedia":[{"embeddable":true,"href":"https:\/\/dealpilot.info\/index.php?rest_route=\/wp\/v2\/media\/36922"}],"wp:attachment":[{"href":"https:\/\/dealpilot.info\/index.php?rest_route=%2Fwp%2Fv2%2Fmedia&parent=36921"}],"wp:term":[{"taxonomy":"store","embeddable":true,"href":"https:\/\/dealpilot.info\/index.php?rest_route=%2Fwp%2Fv2%2Fstore&post=36921"},{"taxonomy":"product_brand","embeddable":true,"href":"https:\/\/dealpilot.info\/index.php?rest_route=%2Fwp%2Fv2%2Fproduct_brand&post=36921"},{"taxonomy":"product_cat","embeddable":true,"href":"https:\/\/dealpilot.info\/index.php?rest_route=%2Fwp%2Fv2%2Fproduct_cat&post=36921"},{"taxonomy":"product_tag","embeddable":true,"href":"https:\/\/dealpilot.info\/index.php?rest_route=%2Fwp%2Fv2%2Fproduct_tag&post=36921"}],"curies":[{"name":"wp","href":"https:\/\/api.w.org\/{rel}","templated":true}]}}